 Let w(t) be the first derivative of t**4/4 - 3*t**3 + 9*t**2/2 + 5*t - 1. Calculate w(i).
13
Let x(y) = -y**2 + 8*y + 6. Let k be x(8). Let n = -17 - -19. Let a(g) = -3*g + 1 - 4*g**n + 3*g**2 + 4*g + 6*g. Give a(k).
7
Let i(o) = 4*o**2 - 2*o + 1. Suppose 3*a = -2*b + 23, -3*b = b + 8. Let y = a + -2. Suppose 2*l + 0 + y = -t, -4*t + 12 = -2*l. Give i(t).
3
Let i be (4*(-5)/50)/((-1)/5). Let w(p) = p - 4*p**2 + 3*p**3 - i - 7*p**2 + 0*p**2 + 14*p**2. Calculate w(-2).
-16
Let g(v) = 4*v**3 + 48*v**2 - 21*v - 9. Let r(w) = -3*w**3 - 44*w**2 + 26*w + 8. Let t(h) = -5*g(h) - 4*r(h). Give t(-8).
5
Let y(p) = 2*p**2 + 4*p + 2. Let h(j) = -j**3 - j**2 - 2*j + 1. Suppose 6*d - 1 = 5. Let u be h(d). Give y(u).
8
Let i(k) = k**3 + 15*k**2 + 6*k - 2. Let a(z) = -114*z - 1953. Let s be a(-17). Calculate i(s).
-92
Let u = 296 - 186. Let z(n) = -u*n + 38*n + 38*n + 36*n. Calculate z(2).
4
Let x(y) = -2*y**2 + 21*y - 34. Let a be x(9). Let g(c) = 57*c + 398. Calculate g(a).
-1
Let x be 234/10 + 4/(-10). Let a = -20 + x. Let v(y) = y**3 - y - 684 + 685 - 2*y**a. Calculate v(-2).
11
Let v(f) be the second derivative of f - 1/2*f**2 + 0 + f**3. Suppose 72*y - 101*y - 177*y + 412 = 0. What is v(y)?
11
Let s(h) = -h**3 - 5*h**2 - 3*h + 2. Let g(z) = z**2 + 93*z + 1227. Let r be g(-77). What is s(r)?
17
Let t(m) = m**3 - 20*m**2 + 8*m - 63. Let o(u) = -u**3 + 21*u**2 - 6*u + 61. Let r(q) = 3*o(q) + 2*t(q). What is r(23)?
11
Let o(t) be the third derivative of t**8/20160 - t**7/840 - 7*t**5/30 - 71*t**2. Let b(k) be the third derivative of o(k). Calculate b(4).
-8
Let t(d) = d**2 - 7*d. Let r(l) = -2*l - 1. Let x be r(-1). Let h be (-120)/140*-7*x. Let y be t(h). Let j(s) = -s**2 - 5*s + 7. Give j(y).
1
Let c(b) = -b**3 + 6*b**2 - 8*b + 17. Let x be c(5). Let q(f) = 12*f + 117 + 112 + 11*f**x + 2*f**3 - 231 - 3*f**3. Calculate q(12).
-2
Let g(a) be the second derivative of -3*a**5/20 - a**3/6 + 4569*a. What is g(1)?
-4
Suppose y - f + 205 - 213 = 0, 5*y - 2*f - 46 = 0. Let d(k) = k**2 - 18*k + 24*k + 13 - 18*k. What is d(y)?
-7
Let r(o) = 11 + 41 + 68 - 21 + 46 - 9*o. Give r(16).
1
Let x(v) = -14*v**3 - 12*v**3 + 25*v**3 - 16 + 8*v - 3*v**2. Let o be x(-5). Let a(q) = -q**3 - 7*q**2 - 6*q - 2. What is a(o)?
-2
Let v(l) = 8 - l**2 + 4 + 373*l - 381*l. Let f(p) = -5*p**2 + 5*p + 6. Let z(o) = o**2 + o + 1. Let b(h) = f(h) - 5*z(h). Let j be b(-1). Give v(j).
3
Let h(j) = -j**3 + 2*j**2 - 11*j - 1. Let c(a) = 3*a**3 - 9*a**2 + 49*a + 3. Let d(t) = -2*c(t) - 9*h(t). Determine d(3).
87
Let o = 583 - 581. Let k(a) = -a**o - 5*a - a**3 + 10*a**2 - 3*a - 106 + 108. Give k(8).
2
Let a(j) = -2*j - 8. Suppose -8*w = -13*w + 10*w. Suppose -5*z - 2*u - 35 = -u, w = z + 5*u + 7. Give a(z).
6
Let o(q) = -14*q**3 + 42*q**2 + 3*q + 66. Let k(w) = -2*w**3 + 5*w**2 + 2*w + 2. Let g(l) = -6*k(l) + o(l). Determine g(6).
0
Let a(j) be the third derivative of j**6/120 - 11*j**5/60 - 2*j**4/3 + 17*j**3/6 - 12061*j**2. What is a(12)?
-31
Let v(q) = 23*q. Let b = -68 + 95. Suppose b = 6*u - 3. Suppose -u = -2*w - 3. Determine v(w).
23
Suppose 67*f + 22*f = 6*f + 415. Let o(y) be the third derivative of y**5/60 - 7*y**4/24 + y**3 + 5*y**2. What is o(f)?
-4
Suppose -8*m - 379 = -99*m - 15. Let r(z) = z**3 - 3*z**2 + z + 16. Calculate r(m).
36
Let f(v) be the second derivative of -v**5/20 - 7*v**4/12 - 3*v**3/2 - 7*v**2/2 + 407*v. Suppose 0 = 5*r - 25, a - 4*r + 1 + 25 = 0. Give f(a).
11
Let y(d) = 2*d**3 + 6*d**2 + 3*d + 2. Let h(z) be the first derivative of z**4/4 + z**3/3 + 76. Let j(m) = -h(m) + y(m). Calculate j(-3).
11
Let h(s) = 19*s**2 + 24*s**2 + 12*s - 123*s**3 + 125*s**3 - 41*s**2 + 1. Give h(0).
1
Let i(s) = 8*s + 22. Let g(u) = 3*u + 11. Let c = -11 - -16. Let j(a) = c*g(a) - 2*i(a). Give j(0).
11
Let t(i) = i - 3. Let h be ((-88)/(-32))/11 - (-1034)/(-8). Let z = 129 + h. Calculate t(z).
-3
Let i(u) = -3*u**3 + 2*u**2 - 3*u - 3. Let q(m) = 4*m**3 + 2*m + 4. Suppose -34 + 22 = 6*v. Let x(p) = v*q(p) - 3*i(p). Calculate x(4).
-11
Let z(s) = s**2 + 2*s. Let i = 250 + -250. Let d be 0/(4 - (3 - i)). Calculate z(d).
0
Let u = -590269 + 590261. Let l be 7*((-1 - -1) + 1). Let q(z) = 3 - z - l*z + 1 - z**2. Give q(u).
4
Let t(w) = -230*w - 151*w + 374*w + 16. Calculate t(2).
2
Let p(r) = 6 + 39*r + 44*r - 77*r - 79. Give p(12).
-1
Let d(o) = -29*o - 43. Let s(q) = -147*q - 231. Let r(j) = 11*d(j) - 2*s(j). Determine r(-1).
14
Let c(v) = v**3 - 5*v**2 + v - 3. Let p(i) = 4*i - 11*i - 2*i - i**2 + 0*i**2 - 3. Let n(y) = y**2 - 13*y - 56. Let k be n(16). Let x be p(k). Give c(x).
2
Let d(r) = -r**3 - 3*r**2 - r - 1. Let y be (-7)/(21/(-156))*2. Let z = -96 + y. Suppose -16*v + z = -20*v. Calculate d(v).
-3
Let b(f) = 3*f - 1. Let i be (-1 + (3 - -1))/((-105)/(-70)). Suppose i*m = -0 + 4. Let s be b(m). Let v(x) = -2*x**2 + 6*x + 4. Give v(s).
-16
Let d be 752/1316 + 17/7. Let v(y) = -9*y**2 + 30*y. Give v(d).
9
Let y(u) be the second derivative of -u**5/20 - 5*u**4/6 + 5*u**3/3 - 9*u**2 + 1885*u. What is y(-11)?
-7
Let v(o) be the second derivative of o**3/3 + 3*o + 1007. Suppose 4*x - 70 + 14 = 0. Suppose -x = 2*p - 2. Give v(p).
-12
Let w(n) = -n + 8. Suppose 0 = -3*p - 3*z + 111, 5*p - 9*p + 5*z = -193. Let m be p/(-24)*(-3 + 7)*-1. Calculate w(m).
1
Suppose 167*j + 237*j - 41 = 767. Let o(l) = -l**3 + 10 + 2*l**2 - 23 + 9 + l**2. Determine o(j).
0
Let y(m) = -m**3 + 6*m**2 + m - 5. Let h = 33 + -29. Let p be ((-12)/(-84) - 6/(-7))*h. Give y(p).
31
Let h(q) = 7*q**3 + 5*q**2 + 14*q - 15. Let z(g) = 20*g**3 + 16*g**2 + 41*g - 45. Let f be (4/6)/(-5*(-6)/(-270)). Let x(p) = f*z(p) + 17*h(p). Give x(-10).
-5
Suppose -4*o - 2 = o + 3*m, 2*m + 14 = 3*o. Let s(h) = -4 + h**2 + 21 - 4*h**2 + h - 20 + 2*h. Calculate s(o).
-9
Let r(v) = v**2 - 8*v + 8. Let q = -2 - -4. Let y(h) = -7*h**q + 2*h + 2 + 14*h**2 - 6*h + 5*h. Let a be y(-1). Calculate r(a).
8
Let x(p) be the third derivative of -p**5/30 + p**3/6 - 18*p**2. Let t(j) = -6*j**2 - 8*j + 11. Let m(a) = -t(a) + 4*x(a). Calculate m(4).
-7
Let l(d) = -9*d**2 - 10*d + 4. Let x(v) = 8*v**2 + 9*v - 3. Suppose 0 = 722*p - 720*p + 10. Let z(m) = p*l(m) - 6*x(m). Determine z(-2).
-6
Let g be 1569*8/96 - (-1)/4. Let k = -126 + g. Let c(p) = p**2 - p + 2. What is c(k)?
22
Let s(p) be the second derivative of -1/2*p**2 - 6 + p + 1/3*p**3 - 1/4*p**4. Calculate s(1).
-2
Let p(u) = -2*u**2 - 38*u + 26. Let q(f) = -f**2 - 32*f + 22. Let g(l) = -4*p(l) + 5*q(l). What is g(3)?
9
Let y(x) = -1 + 3*x - 7*x + x - 6*x. Let b(r) = 4*r**2 - 3*r - 3. Let v be b(-2). Let c(t) = t**2 - 20*t + 18. Let h be c(v). Calculate y(h).
8
Let l(g) = -g - 10. Let j = 4347 - 4342. Give l(j).
-15
Suppose 0 = -13*w - 0*w + 26. Let m be w/(-3)*(5/2 + 2). Let j(o) = 1447 - 1447 + o**2 + 4*o. Give j(m).
-3
Let x(u) = -u**3 - 3*u**2 + 89*u + 4. Let n be x(8). Let o(y) = y**3 - 12*y**2 - 3*y + 43. Determine o(n).
7
Let k be (1 - 1)/(6/2). Let b(m) = -m - 4. Let l(p) = 2*p + 9. Suppose 2*f + 19 = 5. Let o(g) = f*b(g) - 3*l(g). Calculate o(k).
1
Let j(h) = -h**3 + 16*h**2 - 3*h - 20. Let r be j(16). Let d = r - -44. Let m be ((-1)/(-2))/(6/d + 0). Let i(a) = a**2 + 6*a + 3. Give i(m).
-5
Let f(x) = x**2 - 7*x - 10. Let c be (-51)/2*16/24. Let u = -40 - c. Let o = u + 31. Determine f(o).
-2
Let u(j) = -13*j + 1. Let g be -5 - (-1)/(4/(-16)). Let c = 8 + g. Let v(k) = -k. Let s be v(c). Determine u(s).
-12
Let k(i) = -i**2 + 1. Let f(q) = -3*q**2 + 13*q - 7. Let d(g) = -f(g) + 2*k(g). Suppose 4*s - 9*s = -10, 4*s = -4*y + 56. Give d(y).
-3
Let v(r) = -r**3 + 4*r**2 - 2*r - 17. Let n(m) = -m**3 - 2*m**2 + 5*m - 3. Let c(l) = 2*n(l) - v(l). Let h = 12 - 21. Give c(h).
-16
Suppose 4*c - 4 = 4*b, -2*b + 5*c - 1 + 2 = 0. Let x be 390/18 - b/6. Suppose 0 = 5*y - 8*f + 4*f + x, -f - 8 = y. Let m(l) = 3*l + 5. Calculate m(y).
-13
Let l be 8/22 + 3/(-660)*-30. Let x(d) be the first derivative of -5 + l*d**2 + 2*d. Determine x(-5).
-3
Let l = -23 + 31. Let m be -2*((-4)/l - 1). Suppose g - 3 = m. Let x(f) = 2*f + 8. Give x(g).
20
Let f(n) = 5*n**3 - 56*n**2 - 24*n + 385. Let a be f(11). Let s(x) = x**2 - 189. What is s(a)?
-189
Let l(v) = 12*v + 12. Let c = 103 + -97. Let p(s) be the first derivative of -s**2 - 2*s - 7. Let n(u) = c*l(u) + 34*p(u). Calculate n(3).
16
Let s(h) be the first de